{"id":65,"date":"2014-05-08T19:13:19","date_gmt":"2014-05-08T19:13:19","guid":{"rendered":"https:\/\/wics-uk.com\/?page_id=65"},"modified":"2014-06-27T21:58:44","modified_gmt":"2014-06-27T21:58:44","slug":"casinos","status":"publish","type":"page","link":"https:\/\/wics-italia.com\/index.php\/casinos\/","title":{"rendered":"Casin\u00f2"},"content":{"rendered":"<h3>Il nostro Sistema Wireless di Chiamata Casin\u00f2 consente ai clienti di richiedere assistenza al personale da qualsiasi slot machine o tavolo di gioco.<\/h3>\n<hr \/>\n<p>Attraverso il nostro sistema di monitoraggio, i managers possono analizzare i tempi di risposta alle chiamate. Questo strumento di monitoraggio \u00e8 stato progettato per assicurare la soddisfazione dei clienti e l&#8217;efficienza della organizzazione.<\/p>\n<h3>Come funziona:<\/h3>\n<p><img loading=\"lazy\" decoding=\"async\" src=\"https:\/\/wics-italia.com\/wp-content\/uploads\/2014\/05\/graphic-casino1.jpg\" alt=\"graphic-casino\" width=\"670\" height=\"613\" class=\"aligncenter size-full wp-image-916\" srcset=\"https:\/\/wics-italia.com\/wp-content\/uploads\/2014\/05\/graphic-casino1.jpg 670w, https:\/\/wics-italia.com\/wp-content\/uploads\/2014\/05\/graphic-casino1-300x274.jpg 300w\" sizes=\"auto, (max-width: 670px) 100vw, 670px\" \/><\/p>\n<p>Il pulsante di chiamata installato sulle slot machine e sui tavoli di gioco consente ai clienti di richiedere assistenza al personale per prelevare ad esempio denaro, richiedere un servizio, ordinare cibo e bevande. (Facoltativo) Il sistema di monitoraggio, che registra le chiamate dei clienti, avvia un timer che misura il tempo di risposta alle chiamate e fornisce dati statistici (ad esempio aspettative del cliente, tempi di risposta etc..) consentendo ai managers di monitorare l&#8217;efficienza del servizio. Un componente del personale viene avvertito della chiamata del cliente e del servizio richiesto attraverso un messaggio visualizzato sul suo orologio-cercapersone.<\/p>\n<h3> Vantaggi <\/h3>\n<ul>\n<li> <em> Comodit\u00e0 che aumenta il consumo e la soddisfazione del cliente <\/em> &#8211; Per essere assistiti i clienti devono solo premere il pulsante di chiamata, senza dover cercare un membro del personale tentando poi di catturarne l\u2019attenzione, cosa quanto mai frustrante. Il personale pu\u00f2 ricevere le informazioni di chiamata tempestivamente sul proprio orologio-cercapersone e fornire un servizio rapido e puntuale. I clienti sono pi\u00f9 rilassati e soddisfatti, mentre l&#8217;ambiente \u00e8 pi\u00f9 tranquillo. Inostri clienti hanno segnalato un aumento delle vendite di circa il 20 %!<\/li>\n<li><em>Ridurre il numero del personale<\/em> \u2013 Si \u00e8 in grado di gestire aree pi\u00f9 grandi con meno personale, si migliora l&#8217;efficienza degli addetti al lavoro e si riduce il numero di personale necessario.<\/li>\n<li><em>Servizio pi\u00f9 veloce<\/em> \u2013 Con il nostro Sistema Wireless di Chiamata Casin\u00f2 si assicura una risposta rapida e veloce del personale per garantire una completa assistenza ai clienti. Aree private o appartate possono essere servite immediatamente senza la necessit\u00e0 di una costante presenza da parte del personale.<\/li>\n<li><em>Semplicit\u00e0 e costi contenuti<\/em> &#8211; Estremamente semplice da usare, senza fili e con minimi costi di gestione. Gli orologi-cercapersone possono essere programmati per rispondere solo alle chiamate provenienti da aree\/tavoli designati evitando che pi\u00f9 persone rispondono alla stessa chiamata.<\/li>\n<li><em>Migliorare la produttivit\u00e0 del personale<\/em> &#8211; I manager possono monitorare il flusso di lavoro e l&#8217;efficienza del personale, ottenendo in tempo reale dati statistici (ad esempio aspettative del cliente , tempi di risposta etc..).<\/li>\n<\/ul>\n","protected":false},"excerpt":{"rendered":"<p>Il nostro Sistema Wireless di Chiamata Casin\u00f2 consente ai clienti di richiedere assistenza al personale da qualsiasi slot machine o tavolo di gioco. Attraverso il nostro sistema di monitoraggio, i managers possono analizzare i tempi di risposta alle chiamate. Questo strumento di monitoraggio \u00e8 stato progettato per assicurare la soddisfazione dei clienti e l&#8217;efficienza della [&hellip;]<\/p>\n","protected":false},"author":4,"featured_media":615,"parent":0,"menu_order":0,"comment_status":"closed","ping_status":"closed","template":"","meta":{"footnotes":""},"class_list":["post-65","page","type-page","status-publish","has-post-thumbnail","hentry"],"aioseo_notices":[],"_links":{"self":[{"href":"https:\/\/wics-italia.com\/index.php\/wp-json\/wp\/v2\/pages\/65","targetHints":{"allow":["GET"]}}],"collection":[{"href":"https:\/\/wics-italia.com\/index.php\/wp-json\/wp\/v2\/pages"}],"about":[{"href":"https:\/\/wics-italia.com\/index.php\/wp-json\/wp\/v2\/types\/page"}],"author":[{"embeddable":true,"href":"https:\/\/wics-italia.com\/index.php\/wp-json\/wp\/v2\/users\/4"}],"replies":[{"embeddable":true,"href":"https:\/\/wics-italia.com\/index.php\/wp-json\/wp\/v2\/comments?post=65"}],"version-history":[{"count":25,"href":"https:\/\/wics-italia.com\/index.php\/wp-json\/wp\/v2\/pages\/65\/revisions"}],"predecessor-version":[{"id":932,"href":"https:\/\/wics-italia.com\/index.php\/wp-json\/wp\/v2\/pages\/65\/revisions\/932"}],"wp:featuredmedia":[{"embeddable":true,"href":"https:\/\/wics-italia.com\/index.php\/wp-json\/wp\/v2\/media\/615"}],"wp:attachment":[{"href":"https:\/\/wics-italia.com\/index.php\/wp-json\/wp\/v2\/media?parent=65"}],"curies":[{"name":"wp","href":"https:\/\/api.w.org\/{rel}","templated":true}]}}