{"id":13,"date":"2014-05-08T01:46:20","date_gmt":"2014-05-08T01:46:20","guid":{"rendered":"https:\/\/wics-uk.com\/?page_id=13"},"modified":"2018-11-21T22:16:31","modified_gmt":"2018-11-21T22:16:31","slug":"about-us","status":"publish","type":"page","link":"https:\/\/wics-italia.com\/index.php\/about-us\/","title":{"rendered":"Chi siamo"},"content":{"rendered":"<h3>WiCS\u00ae \u00e8 il fornitore leader di soluzioni wireless, tecnicamente avanzate, per miglioramento del servizio. La nostra sede \u00e8 a Londra ed operiamo nel Regno Unito ed in Italia.<hr class=\"symple-divider dashed  symple-all\" style=\"margin-top: 20px;margin-bottom: 10px;\" \/><\/h3>\n<p>Forniamo i nostri sistemi a catene alberghiere,aziende operanti nel settore commerciale e manifatturiero, ristoranti, caffetterie, pub e bar, hotels, centri benessere, palestre, banche, ospedali e case di cura, supermercati e centri commerciali, casin\u00f2.<\/p>\n<p>I nostri prodotti e le loro svariate applicazioni consentono non solo di migliorare la qualit\u00e0 dei servizi aumentando cos\u00ec la soddisfazione e la fedelt\u00e0 dei clienti, ma anche di migliorare l&#8217; efficienza della qualit\u00e0 del lavoro dei dipendenti, riducendo i costi della manodopera e di conseguenza aumentando i profitti.<br \/>\nGarantiamo soluzioni innovative e sistemi avanzati di alta qualit\u00e0 dedicati alle esigenze dei nostri clienti. Forniamo sistemi che, pur utilizzando le pi\u00f9 recenti tecnologie, risultando complementi di arredamento, sono a prezzi competitivi. Garantiamo che i nostri clienti ricevano sempre prodotti e servizi eccezionali.<\/p>\n<p>Siamo orgogliosi di fornire alta qualit\u00e0, competenza tecnica, professionale ed assistenza post-vendita. L&#8217;eccellenza del nostro servizio clienti \u00e8 dimostrata dal successo conseguito dalla nostra azienda nell\u2019ambito di una ampia clientela soddisfatta a 360 gradi.<\/p>\n<p>Il nostro team sar\u00e0 a vostra disposizione per rispondere a qualsiasi quesito inerente la progettazione e la scelta del sistema pi\u00f9 adatto alle vostre esigenze. Il nostro personale tecnico commerciale \u00e8 a disposizione per una dimostrazione dei nostri sistemi previo appuntamento.<\/p>\n<p>Il nosto obiettivo \u00e8 la soddisfazione dei nostri clienti.<\/p>\n<h2>I nostri impegni:<\/h2>\n<ul>\n<li>Qualit\u00e0<\/li>\n<li>Rapida personalizzazione dei nostri sistemi<\/li>\n<li>Continuo aggiornamento<\/li>\n<li>Personale altamente qualificato<\/li>\n<li>Semplicit\u00e0 di utilizzo dei nostri sistemi<\/li>\n<li>Servizio clienti eccellente \u2013 che va dall\u2019iniziale dimostrazione in loco al supporto tecnico e post vendita<\/li>\n<li>Soluzioni su misura ideate per soddisfare le vostre esigenze, aspettative e budget<\/li>\n<\/ul>\n","protected":false},"excerpt":{"rendered":"<p>WiCS\u00ae \u00e8 il fornitore leader di soluzioni wireless, tecnicamente avanzate, per miglioramento del servizio. La nostra sede \u00e8 a Londra ed operiamo nel Regno Unito ed in Italia. Forniamo i nostri sistemi a catene alberghiere,aziende operanti nel settore commerciale e manifatturiero, ristoranti, caffetterie, pub e bar, hotels, centri benessere, palestre, banche, ospedali e case di [&hellip;]<\/p>\n","protected":false},"author":4,"featured_media":0,"parent":0,"menu_order":2,"comment_status":"closed","ping_status":"closed","template":"","meta":{"footnotes":""},"class_list":["post-13","page","type-page","status-publish","hentry"],"aioseo_notices":[],"_links":{"self":[{"href":"https:\/\/wics-italia.com\/index.php\/wp-json\/wp\/v2\/pages\/13","targetHints":{"allow":["GET"]}}],"collection":[{"href":"https:\/\/wics-italia.com\/index.php\/wp-json\/wp\/v2\/pages"}],"about":[{"href":"https:\/\/wics-italia.com\/index.php\/wp-json\/wp\/v2\/types\/page"}],"author":[{"embeddable":true,"href":"https:\/\/wics-italia.com\/index.php\/wp-json\/wp\/v2\/users\/4"}],"replies":[{"embeddable":true,"href":"https:\/\/wics-italia.com\/index.php\/wp-json\/wp\/v2\/comments?post=13"}],"version-history":[{"count":14,"href":"https:\/\/wics-italia.com\/index.php\/wp-json\/wp\/v2\/pages\/13\/revisions"}],"predecessor-version":[{"id":953,"href":"https:\/\/wics-italia.com\/index.php\/wp-json\/wp\/v2\/pages\/13\/revisions\/953"}],"wp:attachment":[{"href":"https:\/\/wics-italia.com\/index.php\/wp-json\/wp\/v2\/media?parent=13"}],"curies":[{"name":"wp","href":"https:\/\/api.w.org\/{rel}","templated":true}]}}